
{"id":12,"date":"2021-12-02T16:03:45","date_gmt":"2021-12-02T16:03:45","guid":{"rendered":"https:\/\/vincenz-wengen.ch\/shop\/?page_id=12"},"modified":"2021-12-08T10:30:47","modified_gmt":"2021-12-08T10:30:47","slug":"rueckerstattung_rueckgaben","status":"publish","type":"page","link":"https:\/\/vincenz-wengen.ch\/shop\/rueckerstattung_rueckgaben\/","title":{"rendered":"Allgemeine Gesch\u00e4ftsbedingungen AGB"},"content":{"rendered":"<p>Die Allgemeinen Gesch\u00e4ftsbedingungen (AGB) regeln die Beziehung zwischen der B\u00e4ckerei-Konditorei Vincenz AG und den Online Shop-Kunden. Diese Gesch\u00e4ftsbedingungen bilden einen festen Bestandteil jedes Kaufes und jeder Bestellung \u00fcber den Online Shop <a href=\"https:\/\/vincenz-wengen.ch\/shop\" target=\"_blank\" rel=\"noopener\">https:\/\/vincenz-wengen.ch\/shop<\/a>.<\/p>\n<h4><\/h4>\n<h4>Vertragsabschluss<\/h4>\n<p>Die Bestellung des Kunden erfolgt online. Der Vertragsabschluss kommt zustande, wenn die B\u00e4ckerei-Konditorei Vincenz AG dem Kunden die Bestellung mittels einer Auftragsbest\u00e4tigung, automatisch per E-Mail best\u00e4tigt und der Gesamtbetrag der Bestellung auf dem Konto der B\u00e4ckerei-Konditorei Vincenz AG eingegangen ist.<\/p>\n<p>Mit dem Kauf von alkoholhaltigen Produkten, best\u00e4tigen der Kunde mit dem Kauf, dass er 18 Jahre oder \u00e4lter ist, da der Verkauf in der Schweiz an Personen unter 18 Jahren gesetzlich verboten ist.<\/p>\n<p>&nbsp;<\/p>\n<h4>Preise, Zahlungsbedingungen, Lieferkosten und Lieferung<\/h4>\n<p>Alle angegebenen Preise verstehen sich in Schweizer Franken, inklusive Mehrwertsteuer und exklusive Versandkosten. Die B\u00e4ckerei-Konditorei Vincenz AG kann jederzeit die Preise \u00e4ndern bzw. anpassen. Bei bereits bestellter Ware gelten die vereinbarten Preise. Der Preis der Bestellung ist verbindlich, vorbehalten sind offensichtliche Irrt\u00fcmer.<\/p>\n<p>Die Zahlung erfolgt wahlweise mit Kreditkarten oder Vorauskasse. Zudem besteht die M\u00f6glichkeit, auf Vorinformation die bestellte Ware in Wengen abzuholen.<\/p>\n<p>Der Versand erfolgt in der Regel innerhalb von 1 bis 3 Arbeitstagen nach Bestelleingang. Sind die bestellten Artikel nicht vorr\u00e4tig, informieren wir Sie umgehend schriftlich oder telefonisch. Der Versand der bestellten Artikel erfolgt innerhalb der Schweiz durch die Schweizer Post. Die Versandkosten von pauschal CHF 12.50 werden vor der Bestellung ausgewiesen und dem Kunden in Rechnung gestellt. Ab einem Einkaufsvolumen von CHF 120.00 entfallen die Versandkosten. Onlinebestellungen sind nur ab einem\u00a0 Mindestbestellwert von CHF 22.00 (inkl. Versandkosten) m\u00f6glich.<\/p>\n<p>Die B\u00e4ckerei-Konditorei Vincenz AG \u00fcbernimmt keine Haftung f\u00fcr Unzustellbarkeit oder versp\u00e4tete Auslieferung, falls eine falsche Lieferadresse angegeben wurde oder der Empf\u00e4nger nicht anwesend war. Ebenso ist eine Haftung bei Ereignissen h\u00f6herer Gewalt und Transportsch\u00e4den nach \u00dcbernahme durch den Kunden ausgeschlossen.<\/p>\n<p>&nbsp;<\/p>\n<h4>Bestell\u00e4nderungen<\/h4>\n<p>Da es sich im Webshop um einen elektronischen und automatisierten Bestellprozess handelt, sind Bestell\u00e4nderungen nur nach telefonischer R\u00fccksprache m\u00f6glich.<\/p>\n<p>&nbsp;<\/p>\n<h4>Produktinformationen<\/h4>\n<p>Bei allen im Online-Shop verf\u00fcgbaren Produkten, ist die jeweilige Lebensmitteldeklaration aufgef\u00fchrt. Der K\u00e4ufer verpflichtet sich diese aufmerksam zu lesen. Auf allergische Reaktionen \u00fcbernimmt die B\u00e4ckerei-Konditorei Vincenz AG keine Haftung.<\/p>\n<p>&nbsp;<\/p>\n<h4>Kontrolle \/ Beanstandungen<\/h4>\n<p>Nach dem Erhalt der Lieferung hat der K\u00e4ufer die Ware auf Vollst\u00e4ndigkeit zu pr\u00fcfen und muss die B\u00e4ckerei-Konditorei Vincenz AG innerhalb von drei Werktagen informieren, falls die Lieferung unvollst\u00e4ndig ist. Bei berechtigten Artikelm\u00e4ngeln hat der Kunde ein Anrecht auf einen Austausch des betreffenden Produkts.<\/p>\n<p>&nbsp;<\/p>\n<h4>Datenschutz<\/h4>\n<p>Die w\u00e4hrend des Bestellvorgangs erhobenen Daten werden ausschliesslich zur Auftragserf\u00fcllung und Werbezwecken zwischen Kunde und Vincenz Wengen eingesetzt. Die Daten werden keinesfalls an Dritte weitergegeben.<\/p>\n<p>&nbsp;<\/p>\n<h4>Rechtshinweis<\/h4>\n<p>Der Inhalt der Webseite ist urheberrechtlich gesch\u00fctzt. Der Inhalt (Bilder, Text, Grafiken) darf ohne schriftliche Zustimmung der B\u00e4ckerei-Konditorei Vincenz AG nicht kopiert, ver\u00f6ffentlicht oder zum Eigengebrauch verwendet werden. Die B\u00e4ckerei-Konditorei Vincenz AG \u00fcbernimmt keine Haftung f\u00fcr die Richtigkeit und Vollst\u00e4ndigkeit der hinterlegten Inhalte auf Webseite und Online-Shop.<\/p>\n<p>Gerichtsstand: Wengen BE<\/p>\n<p><strong>B\u00e4ckerei-Konditorei Vincenz AG<\/strong>, im Gruebi 1402C, 3823 Wengen BE<br \/>\nTelefon +41 33 855 42 44 \/ info@vincenz-wengen.ch<br \/>\nUID: CHE-402.020.873<\/p>\n<p>G\u00fcltigkeit: ab 1. Dezember 2021<\/p>\n","protected":false},"excerpt":{"rendered":"<p>Die Allgemeinen Gesch\u00e4ftsbedingungen (AGB) regeln die Beziehung zwischen der B\u00e4ckerei-Konditorei Vincenz AG und den Online Shop-Kunden. Diese Gesch\u00e4ftsbedingungen bilden einen festen Bestandteil jedes Kaufes und jeder Bestellung \u00fcber den Online Shop https:\/\/vincenz-wengen.ch\/shop. Vertragsabschluss Die Bestellung des Kunden erfolgt online. Der Vertragsabschluss kommt zustande, wenn die B\u00e4ckerei-Konditorei Vincenz AG dem Kunden die Bestellung mittels einer Auftragsbest\u00e4tigung, &hellip; <\/p>\n","protected":false},"author":1,"featured_media":0,"parent":0,"menu_order":0,"comment_status":"closed","ping_status":"closed","template":"","meta":{"footnotes":""},"class_list":["post-12","page","type-page","status-publish","hentry"],"yoast_head":"<!-- This site is optimized with the Yoast SEO plugin v27.4 - https:\/\/yoast.com\/product\/yoast-seo-wordpress\/ -->\n<title>Allgemeine Gesch\u00e4ftsbedingungen AGB - B\u00e4ckerei-Konditorei Vincenz AG<\/title>\n<meta name=\"robots\" content=\"index, follow, max-snippet:-1, max-image-preview:large, max-video-preview:-1\" \/>\n<link rel=\"canonical\" href=\"https:\/\/vincenz-wengen.ch\/shop\/rueckerstattung_rueckgaben\/\" \/>\n<meta property=\"og:locale\" content=\"de_DE\" \/>\n<meta property=\"og:type\" content=\"article\" \/>\n<meta property=\"og:title\" content=\"Allgemeine Gesch\u00e4ftsbedingungen AGB - B\u00e4ckerei-Konditorei Vincenz AG\" \/>\n<meta property=\"og:description\" content=\"Die Allgemeinen Gesch\u00e4ftsbedingungen (AGB) regeln die Beziehung zwischen der B\u00e4ckerei-Konditorei Vincenz AG und den Online Shop-Kunden. Diese Gesch\u00e4ftsbedingungen bilden einen festen Bestandteil jedes Kaufes und jeder Bestellung \u00fcber den Online Shop https:\/\/vincenz-wengen.ch\/shop. Vertragsabschluss Die Bestellung des Kunden erfolgt online. Der Vertragsabschluss kommt zustande, wenn die B\u00e4ckerei-Konditorei Vincenz AG dem Kunden die Bestellung mittels einer Auftragsbest\u00e4tigung, &hellip;\" \/>\n<meta property=\"og:url\" content=\"https:\/\/vincenz-wengen.ch\/shop\/rueckerstattung_rueckgaben\/\" \/>\n<meta property=\"og:site_name\" content=\"B\u00e4ckerei-Konditorei Vincenz AG\" \/>\n<meta property=\"article:modified_time\" content=\"2021-12-08T10:30:47+00:00\" \/>\n<meta name=\"twitter:card\" content=\"summary_large_image\" \/>\n<meta name=\"twitter:label1\" content=\"Gesch\u00e4tzte Lesezeit\" \/>\n\t<meta name=\"twitter:data1\" content=\"3\u00a0Minuten\" \/>\n<script type=\"application\/ld+json\" class=\"yoast-schema-graph\">{\"@context\":\"https:\\\/\\\/schema.org\",\"@graph\":[{\"@type\":\"WebPage\",\"@id\":\"https:\\\/\\\/vincenz-wengen.ch\\\/shop\\\/rueckerstattung_rueckgaben\\\/\",\"url\":\"https:\\\/\\\/vincenz-wengen.ch\\\/shop\\\/rueckerstattung_rueckgaben\\\/\",\"name\":\"Allgemeine Gesch\u00e4ftsbedingungen AGB - B\u00e4ckerei-Konditorei Vincenz AG\",\"isPartOf\":{\"@id\":\"https:\\\/\\\/vincenz-wengen.ch\\\/shop\\\/#website\"},\"datePublished\":\"2021-12-02T16:03:45+00:00\",\"dateModified\":\"2021-12-08T10:30:47+00:00\",\"breadcrumb\":{\"@id\":\"https:\\\/\\\/vincenz-wengen.ch\\\/shop\\\/rueckerstattung_rueckgaben\\\/#breadcrumb\"},\"inLanguage\":\"de\",\"potentialAction\":[{\"@type\":\"ReadAction\",\"target\":[\"https:\\\/\\\/vincenz-wengen.ch\\\/shop\\\/rueckerstattung_rueckgaben\\\/\"]}]},{\"@type\":\"BreadcrumbList\",\"@id\":\"https:\\\/\\\/vincenz-wengen.ch\\\/shop\\\/rueckerstattung_rueckgaben\\\/#breadcrumb\",\"itemListElement\":[{\"@type\":\"ListItem\",\"position\":1,\"name\":\"Startseite\",\"item\":\"https:\\\/\\\/vincenz-wengen.ch\\\/shop\\\/\"},{\"@type\":\"ListItem\",\"position\":2,\"name\":\"Allgemeine Gesch\u00e4ftsbedingungen AGB\"}]},{\"@type\":\"WebSite\",\"@id\":\"https:\\\/\\\/vincenz-wengen.ch\\\/shop\\\/#website\",\"url\":\"https:\\\/\\\/vincenz-wengen.ch\\\/shop\\\/\",\"name\":\"B\u00e4ckerei-Konditorei Vincenz AG\",\"description\":\"SHOP\",\"potentialAction\":[{\"@type\":\"SearchAction\",\"target\":{\"@type\":\"EntryPoint\",\"urlTemplate\":\"https:\\\/\\\/vincenz-wengen.ch\\\/shop\\\/?s={search_term_string}\"},\"query-input\":{\"@type\":\"PropertyValueSpecification\",\"valueRequired\":true,\"valueName\":\"search_term_string\"}}],\"inLanguage\":\"de\"}]}<\/script>\n<!-- \/ Yoast SEO plugin. -->","yoast_head_json":{"title":"Allgemeine Gesch\u00e4ftsbedingungen AGB - B\u00e4ckerei-Konditorei Vincenz AG","robots":{"index":"index","follow":"follow","max-snippet":"max-snippet:-1","max-image-preview":"max-image-preview:large","max-video-preview":"max-video-preview:-1"},"canonical":"https:\/\/vincenz-wengen.ch\/shop\/rueckerstattung_rueckgaben\/","og_locale":"de_DE","og_type":"article","og_title":"Allgemeine Gesch\u00e4ftsbedingungen AGB - B\u00e4ckerei-Konditorei Vincenz AG","og_description":"Die Allgemeinen Gesch\u00e4ftsbedingungen (AGB) regeln die Beziehung zwischen der B\u00e4ckerei-Konditorei Vincenz AG und den Online Shop-Kunden. Diese Gesch\u00e4ftsbedingungen bilden einen festen Bestandteil jedes Kaufes und jeder Bestellung \u00fcber den Online Shop https:\/\/vincenz-wengen.ch\/shop. Vertragsabschluss Die Bestellung des Kunden erfolgt online. Der Vertragsabschluss kommt zustande, wenn die B\u00e4ckerei-Konditorei Vincenz AG dem Kunden die Bestellung mittels einer Auftragsbest\u00e4tigung, &hellip;","og_url":"https:\/\/vincenz-wengen.ch\/shop\/rueckerstattung_rueckgaben\/","og_site_name":"B\u00e4ckerei-Konditorei Vincenz AG","article_modified_time":"2021-12-08T10:30:47+00:00","twitter_card":"summary_large_image","twitter_misc":{"Gesch\u00e4tzte Lesezeit":"3\u00a0Minuten"},"schema":{"@context":"https:\/\/schema.org","@graph":[{"@type":"WebPage","@id":"https:\/\/vincenz-wengen.ch\/shop\/rueckerstattung_rueckgaben\/","url":"https:\/\/vincenz-wengen.ch\/shop\/rueckerstattung_rueckgaben\/","name":"Allgemeine Gesch\u00e4ftsbedingungen AGB - B\u00e4ckerei-Konditorei Vincenz AG","isPartOf":{"@id":"https:\/\/vincenz-wengen.ch\/shop\/#website"},"datePublished":"2021-12-02T16:03:45+00:00","dateModified":"2021-12-08T10:30:47+00:00","breadcrumb":{"@id":"https:\/\/vincenz-wengen.ch\/shop\/rueckerstattung_rueckgaben\/#breadcrumb"},"inLanguage":"de","potentialAction":[{"@type":"ReadAction","target":["https:\/\/vincenz-wengen.ch\/shop\/rueckerstattung_rueckgaben\/"]}]},{"@type":"BreadcrumbList","@id":"https:\/\/vincenz-wengen.ch\/shop\/rueckerstattung_rueckgaben\/#breadcrumb","itemListElement":[{"@type":"ListItem","position":1,"name":"Startseite","item":"https:\/\/vincenz-wengen.ch\/shop\/"},{"@type":"ListItem","position":2,"name":"Allgemeine Gesch\u00e4ftsbedingungen AGB"}]},{"@type":"WebSite","@id":"https:\/\/vincenz-wengen.ch\/shop\/#website","url":"https:\/\/vincenz-wengen.ch\/shop\/","name":"B\u00e4ckerei-Konditorei Vincenz AG","description":"SHOP","potentialAction":[{"@type":"SearchAction","target":{"@type":"EntryPoint","urlTemplate":"https:\/\/vincenz-wengen.ch\/shop\/?s={search_term_string}"},"query-input":{"@type":"PropertyValueSpecification","valueRequired":true,"valueName":"search_term_string"}}],"inLanguage":"de"}]}},"_links":{"self":[{"href":"https:\/\/vincenz-wengen.ch\/shop\/wp-json\/wp\/v2\/pages\/12","targetHints":{"allow":["GET"]}}],"collection":[{"href":"https:\/\/vincenz-wengen.ch\/shop\/wp-json\/wp\/v2\/pages"}],"about":[{"href":"https:\/\/vincenz-wengen.ch\/shop\/wp-json\/wp\/v2\/types\/page"}],"author":[{"embeddable":true,"href":"https:\/\/vincenz-wengen.ch\/shop\/wp-json\/wp\/v2\/users\/1"}],"replies":[{"embeddable":true,"href":"https:\/\/vincenz-wengen.ch\/shop\/wp-json\/wp\/v2\/comments?post=12"}],"version-history":[{"count":8,"href":"https:\/\/vincenz-wengen.ch\/shop\/wp-json\/wp\/v2\/pages\/12\/revisions"}],"predecessor-version":[{"id":498,"href":"https:\/\/vincenz-wengen.ch\/shop\/wp-json\/wp\/v2\/pages\/12\/revisions\/498"}],"wp:attachment":[{"href":"https:\/\/vincenz-wengen.ch\/shop\/wp-json\/wp\/v2\/media?parent=12"}],"curies":[{"name":"wp","href":"https:\/\/api.w.org\/{rel}","templated":true}]}}