
{"id":1086,"date":"2023-09-20T14:36:20","date_gmt":"2023-09-20T14:36:20","guid":{"rendered":"https:\/\/vincenz-wengen.ch\/shop\/?post_type=product&#038;p=1086"},"modified":"2025-01-24T15:38:03","modified_gmt":"2025-01-24T15:38:03","slug":"hefestollen-nuss-mandel","status":"publish","type":"product","link":"https:\/\/vincenz-wengen.ch\/shop\/produkt\/hefestollen-nuss-mandel\/","title":{"rendered":"Hefestollen Nuss\/Mandel"},"content":{"rendered":"<p style=\"text-align: center;\"><span style=\"font-size: 12pt;\"><strong>Weizen<\/strong>, <strong>Milch<\/strong>, Zucker, <strong>Butter<\/strong>, Backhefe, <strong>Vollei<\/strong>, Speisesalz m. Iod (Natriumchlorid, Iod, Antiklumpmittel (E536), Gerstenmalz<\/span><\/p>\n<p style=\"text-align: center;\"><span style=\"font-size: 12pt;\"><strong>Nussf\u00fcllung:<\/strong> Haselnusskerne, Zucker, Biscuitbr\u00f6sel, Wasser, Himbeermarmelade <\/span><\/p>\n<p style=\"text-align: center;\"><span style=\"font-size: 12pt;\"><strong>Mandelf\u00fcllung:<\/strong> Mandeln, Zucker, Wasser, Vanillecreme <\/span><\/p>\n","protected":false},"excerpt":{"rendered":"<p><span style=\"font-size: 12pt;\"><strong>Das saftige Hefegeb\u00e4ck mit Nuss- oder Mandelf\u00fcllung<\/strong><\/span><br \/>\n<span style=\"font-size: 12pt;\">Wenn die Lust auf ein S\u00fcssgeb\u00e4ck aufkommt, dann darf er nicht fehlen. Geschwungen und gedreht versteckt er seine F\u00fcllung \u2013 ob Mandel oder Nuss \u2013 und gibt sie erst beim Essen wieder Preis. Wer ihn kennt, der will den Hefestollen nicht mehr missen. Bei Vincenz steht die Wahl \u2013 Mandel- oder Nussf\u00fcllung. <\/span><\/p>\n<ul>\n<li><span style=\"font-size: 10pt;\">Haltbarkeit: ca. 7 Tage<\/span><\/li>\n<li><span style=\"font-size: 10pt;\">Lieferzeit: ca. 2-3 Tage<\/span><\/li>\n<\/ul>\n<p>&nbsp;<\/p>\n","protected":false},"featured_media":1037,"comment_status":"closed","ping_status":"closed","template":"","meta":[],"product_brand":[],"product_cat":[17],"product_tag":[45,47,50,46,49,48],"class_list":{"0":"post-1086","1":"product","2":"type-product","3":"status-publish","4":"has-post-thumbnail","6":"product_cat-suesswaren","7":"product_tag-hefestollen","8":"product_tag-mandel","9":"product_tag-mandelstollen","10":"product_tag-nuss","11":"product_tag-nussstollen","12":"product_tag-russenzopf","14":"first","15":"instock","16":"taxable","17":"shipping-taxable","18":"purchasable","19":"product-type-variable"},"yoast_head":"<!-- This site is optimized with the Yoast SEO plugin v27.4 - https:\/\/yoast.com\/product\/yoast-seo-wordpress\/ -->\n<title>Hefestollen Nuss\/Mandel - B\u00e4ckerei-Konditorei Vincenz AG<\/title>\n<meta name=\"robots\" content=\"index, follow, max-snippet:-1, max-image-preview:large, max-video-preview:-1\" \/>\n<link rel=\"canonical\" href=\"https:\/\/vincenz-wengen.ch\/shop\/produkt\/hefestollen-nuss-mandel\/\" \/>\n<meta property=\"og:locale\" content=\"de_DE\" \/>\n<meta property=\"og:type\" content=\"article\" \/>\n<meta property=\"og:title\" content=\"Hefestollen Nuss\/Mandel - B\u00e4ckerei-Konditorei Vincenz AG\" \/>\n<meta property=\"og:description\" content=\"Das saftige Hefegeb\u00e4ck mit Nuss- oder Mandelf\u00fcllung Wenn die Lust auf ein S\u00fcssgeb\u00e4ck aufkommt, dann darf er nicht fehlen. Geschwungen und gedreht versteckt er seine F\u00fcllung \u2013 ob Mandel oder Nuss \u2013 und gibt sie erst beim Essen wieder Preis. Wer ihn kennt, der will den Hefestollen nicht mehr missen. Bei Vincenz steht die Wahl \u2013 Mandel- oder Nussf\u00fcllung.    Haltbarkeit: ca. 7 Tage  Lieferzeit: ca. 2-3 Tage  &nbsp;\" \/>\n<meta property=\"og:url\" content=\"https:\/\/vincenz-wengen.ch\/shop\/produkt\/hefestollen-nuss-mandel\/\" \/>\n<meta property=\"og:site_name\" content=\"B\u00e4ckerei-Konditorei Vincenz AG\" \/>\n<meta property=\"article:modified_time\" content=\"2025-01-24T15:38:03+00:00\" \/>\n<meta property=\"og:image\" content=\"https:\/\/vincenz-wengen.ch\/shop\/wp-content\/uploads\/2023\/09\/Hefenstollen_Nuss_Mandel_IMG_6415_bear_Q1200.jpg\" \/>\n\t<meta property=\"og:image:width\" content=\"1200\" \/>\n\t<meta property=\"og:image:height\" content=\"1200\" \/>\n\t<meta property=\"og:image:type\" content=\"image\/jpeg\" \/>\n<meta name=\"twitter:card\" content=\"summary_large_image\" \/>\n<meta name=\"twitter:label1\" content=\"Gesch\u00e4tzte Lesezeit\" \/>\n\t<meta name=\"twitter:data1\" content=\"1\u00a0Minute\" \/>\n<script type=\"application\/ld+json\" class=\"yoast-schema-graph\">{\"@context\":\"https:\\\/\\\/schema.org\",\"@graph\":[{\"@type\":\"WebPage\",\"@id\":\"https:\\\/\\\/vincenz-wengen.ch\\\/shop\\\/produkt\\\/hefestollen-nuss-mandel\\\/\",\"url\":\"https:\\\/\\\/vincenz-wengen.ch\\\/shop\\\/produkt\\\/hefestollen-nuss-mandel\\\/\",\"name\":\"Hefestollen Nuss\\\/Mandel - B\u00e4ckerei-Konditorei Vincenz AG\",\"isPartOf\":{\"@id\":\"https:\\\/\\\/vincenz-wengen.ch\\\/shop\\\/#website\"},\"primaryImageOfPage\":{\"@id\":\"https:\\\/\\\/vincenz-wengen.ch\\\/shop\\\/produkt\\\/hefestollen-nuss-mandel\\\/#primaryimage\"},\"image\":{\"@id\":\"https:\\\/\\\/vincenz-wengen.ch\\\/shop\\\/produkt\\\/hefestollen-nuss-mandel\\\/#primaryimage\"},\"thumbnailUrl\":\"https:\\\/\\\/vincenz-wengen.ch\\\/shop\\\/wp-content\\\/uploads\\\/2023\\\/09\\\/Hefenstollen_Nuss_Mandel_IMG_6415_bear_Q1200.jpg\",\"datePublished\":\"2023-09-20T14:36:20+00:00\",\"dateModified\":\"2025-01-24T15:38:03+00:00\",\"breadcrumb\":{\"@id\":\"https:\\\/\\\/vincenz-wengen.ch\\\/shop\\\/produkt\\\/hefestollen-nuss-mandel\\\/#breadcrumb\"},\"inLanguage\":\"de\",\"potentialAction\":[{\"@type\":\"ReadAction\",\"target\":[\"https:\\\/\\\/vincenz-wengen.ch\\\/shop\\\/produkt\\\/hefestollen-nuss-mandel\\\/\"]}]},{\"@type\":\"ImageObject\",\"inLanguage\":\"de\",\"@id\":\"https:\\\/\\\/vincenz-wengen.ch\\\/shop\\\/produkt\\\/hefestollen-nuss-mandel\\\/#primaryimage\",\"url\":\"https:\\\/\\\/vincenz-wengen.ch\\\/shop\\\/wp-content\\\/uploads\\\/2023\\\/09\\\/Hefenstollen_Nuss_Mandel_IMG_6415_bear_Q1200.jpg\",\"contentUrl\":\"https:\\\/\\\/vincenz-wengen.ch\\\/shop\\\/wp-content\\\/uploads\\\/2023\\\/09\\\/Hefenstollen_Nuss_Mandel_IMG_6415_bear_Q1200.jpg\",\"width\":1200,\"height\":1200},{\"@type\":\"BreadcrumbList\",\"@id\":\"https:\\\/\\\/vincenz-wengen.ch\\\/shop\\\/produkt\\\/hefestollen-nuss-mandel\\\/#breadcrumb\",\"itemListElement\":[{\"@type\":\"ListItem\",\"position\":1,\"name\":\"Startseite\",\"item\":\"https:\\\/\\\/vincenz-wengen.ch\\\/shop\\\/\"},{\"@type\":\"ListItem\",\"position\":2,\"name\":\"Shop\",\"item\":\"https:\\\/\\\/vincenz-wengen.ch\\\/shop\\\/shop\\\/\"},{\"@type\":\"ListItem\",\"position\":3,\"name\":\"Hefestollen Nuss\\\/Mandel\"}]},{\"@type\":\"WebSite\",\"@id\":\"https:\\\/\\\/vincenz-wengen.ch\\\/shop\\\/#website\",\"url\":\"https:\\\/\\\/vincenz-wengen.ch\\\/shop\\\/\",\"name\":\"B\u00e4ckerei-Konditorei Vincenz AG\",\"description\":\"SHOP\",\"potentialAction\":[{\"@type\":\"SearchAction\",\"target\":{\"@type\":\"EntryPoint\",\"urlTemplate\":\"https:\\\/\\\/vincenz-wengen.ch\\\/shop\\\/?s={search_term_string}\"},\"query-input\":{\"@type\":\"PropertyValueSpecification\",\"valueRequired\":true,\"valueName\":\"search_term_string\"}}],\"inLanguage\":\"de\"}]}<\/script>\n<!-- \/ Yoast SEO plugin. -->","yoast_head_json":{"title":"Hefestollen Nuss\/Mandel - B\u00e4ckerei-Konditorei Vincenz AG","robots":{"index":"index","follow":"follow","max-snippet":"max-snippet:-1","max-image-preview":"max-image-preview:large","max-video-preview":"max-video-preview:-1"},"canonical":"https:\/\/vincenz-wengen.ch\/shop\/produkt\/hefestollen-nuss-mandel\/","og_locale":"de_DE","og_type":"article","og_title":"Hefestollen Nuss\/Mandel - B\u00e4ckerei-Konditorei Vincenz AG","og_description":"Das saftige Hefegeb\u00e4ck mit Nuss- oder Mandelf\u00fcllung Wenn die Lust auf ein S\u00fcssgeb\u00e4ck aufkommt, dann darf er nicht fehlen. Geschwungen und gedreht versteckt er seine F\u00fcllung \u2013 ob Mandel oder Nuss \u2013 und gibt sie erst beim Essen wieder Preis. Wer ihn kennt, der will den Hefestollen nicht mehr missen. Bei Vincenz steht die Wahl \u2013 Mandel- oder Nussf\u00fcllung.    Haltbarkeit: ca. 7 Tage  Lieferzeit: ca. 2-3 Tage  &nbsp;","og_url":"https:\/\/vincenz-wengen.ch\/shop\/produkt\/hefestollen-nuss-mandel\/","og_site_name":"B\u00e4ckerei-Konditorei Vincenz AG","article_modified_time":"2025-01-24T15:38:03+00:00","og_image":[{"width":1200,"height":1200,"url":"https:\/\/vincenz-wengen.ch\/shop\/wp-content\/uploads\/2023\/09\/Hefenstollen_Nuss_Mandel_IMG_6415_bear_Q1200.jpg","type":"image\/jpeg"}],"twitter_card":"summary_large_image","twitter_misc":{"Gesch\u00e4tzte Lesezeit":"1\u00a0Minute"},"schema":{"@context":"https:\/\/schema.org","@graph":[{"@type":"WebPage","@id":"https:\/\/vincenz-wengen.ch\/shop\/produkt\/hefestollen-nuss-mandel\/","url":"https:\/\/vincenz-wengen.ch\/shop\/produkt\/hefestollen-nuss-mandel\/","name":"Hefestollen Nuss\/Mandel - B\u00e4ckerei-Konditorei Vincenz AG","isPartOf":{"@id":"https:\/\/vincenz-wengen.ch\/shop\/#website"},"primaryImageOfPage":{"@id":"https:\/\/vincenz-wengen.ch\/shop\/produkt\/hefestollen-nuss-mandel\/#primaryimage"},"image":{"@id":"https:\/\/vincenz-wengen.ch\/shop\/produkt\/hefestollen-nuss-mandel\/#primaryimage"},"thumbnailUrl":"https:\/\/vincenz-wengen.ch\/shop\/wp-content\/uploads\/2023\/09\/Hefenstollen_Nuss_Mandel_IMG_6415_bear_Q1200.jpg","datePublished":"2023-09-20T14:36:20+00:00","dateModified":"2025-01-24T15:38:03+00:00","breadcrumb":{"@id":"https:\/\/vincenz-wengen.ch\/shop\/produkt\/hefestollen-nuss-mandel\/#breadcrumb"},"inLanguage":"de","potentialAction":[{"@type":"ReadAction","target":["https:\/\/vincenz-wengen.ch\/shop\/produkt\/hefestollen-nuss-mandel\/"]}]},{"@type":"ImageObject","inLanguage":"de","@id":"https:\/\/vincenz-wengen.ch\/shop\/produkt\/hefestollen-nuss-mandel\/#primaryimage","url":"https:\/\/vincenz-wengen.ch\/shop\/wp-content\/uploads\/2023\/09\/Hefenstollen_Nuss_Mandel_IMG_6415_bear_Q1200.jpg","contentUrl":"https:\/\/vincenz-wengen.ch\/shop\/wp-content\/uploads\/2023\/09\/Hefenstollen_Nuss_Mandel_IMG_6415_bear_Q1200.jpg","width":1200,"height":1200},{"@type":"BreadcrumbList","@id":"https:\/\/vincenz-wengen.ch\/shop\/produkt\/hefestollen-nuss-mandel\/#breadcrumb","itemListElement":[{"@type":"ListItem","position":1,"name":"Startseite","item":"https:\/\/vincenz-wengen.ch\/shop\/"},{"@type":"ListItem","position":2,"name":"Shop","item":"https:\/\/vincenz-wengen.ch\/shop\/shop\/"},{"@type":"ListItem","position":3,"name":"Hefestollen Nuss\/Mandel"}]},{"@type":"WebSite","@id":"https:\/\/vincenz-wengen.ch\/shop\/#website","url":"https:\/\/vincenz-wengen.ch\/shop\/","name":"B\u00e4ckerei-Konditorei Vincenz AG","description":"SHOP","potentialAction":[{"@type":"SearchAction","target":{"@type":"EntryPoint","urlTemplate":"https:\/\/vincenz-wengen.ch\/shop\/?s={search_term_string}"},"query-input":{"@type":"PropertyValueSpecification","valueRequired":true,"valueName":"search_term_string"}}],"inLanguage":"de"}]}},"_links":{"self":[{"href":"https:\/\/vincenz-wengen.ch\/shop\/wp-json\/wp\/v2\/product\/1086","targetHints":{"allow":["GET"]}}],"collection":[{"href":"https:\/\/vincenz-wengen.ch\/shop\/wp-json\/wp\/v2\/product"}],"about":[{"href":"https:\/\/vincenz-wengen.ch\/shop\/wp-json\/wp\/v2\/types\/product"}],"replies":[{"embeddable":true,"href":"https:\/\/vincenz-wengen.ch\/shop\/wp-json\/wp\/v2\/comments?post=1086"}],"wp:featuredmedia":[{"embeddable":true,"href":"https:\/\/vincenz-wengen.ch\/shop\/wp-json\/wp\/v2\/media\/1037"}],"wp:attachment":[{"href":"https:\/\/vincenz-wengen.ch\/shop\/wp-json\/wp\/v2\/media?parent=1086"}],"wp:term":[{"taxonomy":"product_brand","embeddable":true,"href":"https:\/\/vincenz-wengen.ch\/shop\/wp-json\/wp\/v2\/product_brand?post=1086"},{"taxonomy":"product_cat","embeddable":true,"href":"https:\/\/vincenz-wengen.ch\/shop\/wp-json\/wp\/v2\/product_cat?post=1086"},{"taxonomy":"product_tag","embeddable":true,"href":"https:\/\/vincenz-wengen.ch\/shop\/wp-json\/wp\/v2\/product_tag?post=1086"}],"curies":[{"name":"wp","href":"https:\/\/api.w.org\/{rel}","templated":true}]}}